 digit of (-4)/6 - t/(-15)?
9
Let a = -12 + 36. What is the units digit of 10/3*a/20?
4
Let b = 12 + 22. What is the tens digit of b?
3
What is the units digit of (-2)/5 + (-13)/(260/(-48))?
2
What is the units digit of (-28 + -2)*(-6 + 5)?
0
Suppose 0 = 2*h + 3*w + 10, 0 = h - 3*h - 2*w - 6. Suppose -5*z = 3*j - h, j = -4*j - 15. What is the units digit of z?
2
Let f(z) = z**3 - 11*z**2 + 8*z. Let y be f(9). What is the tens digit of (-3 - y)/(-3)*-1?
2
Let c(x) = x**2 - 7*x - 7. Let u be c(8). Let i = 3 - u. What is the units digit of i?
2
Let a be (-6)/(-12)*(-1 + 1). Let k = 6 - a. What is the units digit of k?
6
Let a = -18 - -27. Suppose -2*m = -m - a. What is the units digit of m?
9
Suppose -s - 33 - 26 = 0. Let q = s - -88. What is the units digit of q?
9
What is the tens digit of (-1)/(-6) + 1522/12?
2
Suppose -3*c + 0*c + 87 = 0. What is the tens digit of c?
2
Let k be (2 - 3 - 4)*-1. Suppose 0 = -k*o + 2*b - 20, 4*b + 0 = -5*o - 20. What is the units digit of (1/2)/(o/(-48))?
6
Suppose -3*t = u - 1 - 7, 5*u - 92 = -2*t. Suppose 0 = z - 5*z - 40. Let v = z + u. What is the units digit of v?
0
Suppose 3*y - 840 = -7*y. What is the tens digit of y?
8
Let v = 5 - -62. What is the tens digit of v?
6
Let p(f) = -2*f + 22. Let d(x) = x**3 + 8*x**2 + 8*x + 7. Let q be d(-7). What is the units digit of p(q)?
2
Suppose -k + 4*k - 21 = 0. Let w(g) = g**2 - 5*g - 10. Let d be w(k). Suppose s = -3 + d. What is the units digit of s?
1
Suppose -2*z + 0*z = -8. Suppose 3*v = z*v - 6. What is the tens digit of v/(-15) - 52/(-5)?
1
Let r be (-2 - 0) + 1 - -35. Suppose -5*q = -t - 302, -q + r = -4*t - 15. Suppose 4*x - q = 3*j, -2*x - j + 29 = 6. What is the tens digit of x?
1
Let z(f) = f**2 - 2*f + 14. What is the units digit of z(-7)?
7
Suppose 0 = -4*f + 2*b + 1500 + 170, -5*b + 25 = 0. What is the units digit of f?
0
Let j(h) = -47*h + 4. What is the units digit of j(-2)?
8
Let o(m) = 5*m**2 - m - 1. Let s be o(-1). Let h(b) = 4*b - 5. What is the units digit of h(s)?
5
Let v(m) = -4 - 5*m**2 + 0*m + 2*m + 2*m - m**3 - 4. Let d be v(-6). What is the tens digit of d*2/(-4) - -13?
1
Let m(v) = -v**2 - 3*v + 2. Let p be ((-6)/4)/(4/8). Let c be m(p). What is the units digit of (-3)/6*(-8)/c?
2
Let w(u) = 6*u**2. Let z be (-4)/2 - (4 - 5). What is the units digit of w(z)?
6
Let q(x) = x**2 - 9*x - 9. What is the tens digit of q(11)?
1
Suppose 6*x - 862 = 110. What is the tens digit of x?
6
Suppose 3*p + 75 = 3*y, p + 0*p = 3*y - 77. Let f = 44 - y. What is the tens digit of f?
1
Suppose 0 = -f + 4*v + 20, -7*v = 4*f - 2*v - 38. What is the units digit of f?
2
Suppose -3*x + 5*z + 35 = -2*x, 2*x - 4*z - 46 = 0. What is the units digit of x?
5
Suppose -2*y - 6 = 2, 34 = -2*v - 5*y. Let n = v - -29. What is the units digit of n?
2
Suppose -f + 126 = -2*c + 44, 0 = 3*f - 3*c - 252. What is the units digit of f?
6
Let b be ((-24)/(-8))/(6/4). Suppose 3*d = -b*n - 1, -5*n = d - 35 + 5. What is the units digit of n?
7
Let m = -4 - -6. Suppose m*k - 5 = k. Suppose -4*a - 5 = -k*a. What is the units digit of a?
5
Let t(v) = 3*v - 10. Let r be 4 - (2 - (3 + -1)). Suppose -r*z - 7 = -5*z. What is the units digit of t(z)?
1
Suppose -24 = -2*l + 3*p, 4*l + 3*p - 13 - 53 = 0. What is the tens digit of l?
1
Let a = 4 - 2. Suppose 14 = -4*c + 5*t - 9, 0 = a*c + 5*t - 11. Let j = 4 - c. What is the units digit of j?
6
Let o(a) = 38*a**3 + 2*a**2 + a - 2. Let n(c) = -c**3 - c**2 + 1. Let z be n(0). What is the tens digit of o(z)?
3
Suppose 4*m - 2*d = -14, -m = 3*d - 4 - 3. Let u = m + 32. What is the tens digit of u?
3
Let v be 16/1 - 16/(-8). Suppose v = 3*q - 18. What is the units digit of q?
2
Let v = -3 - -56. What is the units digit of v?
3
Let m(n) = 31*n + 1. What is the tens digit of m(1)?
3
Suppose -2*x = m + 6, 0 = -m + x + 9 - 3. Let i = m - 5. What is the units digit of (-4)/(-3) - 2/i?
2
Let z = 203 + -113. What is the units digit of z?
0
Suppose 3*w + 4*n - 6*n = 236, 2*w - 4*n - 168 = 0. What is the units digit of w?
6
Suppose 2*k - 5 = k. Suppose -5*a = k*u - 5, 4 + 4 = -4*u. Let g(y) = 7*y. What is the units digit of g(a)?
1
Suppose 0*u = -p + 3*u + 36, -3*p + 83 = -4*u. What is the units digit of p?
1
What is the tens digit of 256/12*(-2 + 5 + 0)?
6
Suppose -2*a - 5*t - 25 - 20 = 0, -4*a - 75 = 5*t. What is the units digit of 37/5 - (-6)/a?
7
Suppose -3*h - a = -114, -6*h - 154 = -10*h - 2*a. What is the units digit of h?
7
Let z(k) = -k**2 - 3*k + 4. Let d be z(-3). Suppose -186 = -10*h + d*h. What is the tens digit of h?
3
Suppose 4*n - 232 = -4*z, 2*n = 2*z - 8 - 100. What is the units digit of z?
6
What is the tens digit of 114*2 + 3 - (-1)/1?
3
Suppose i + 3*o = -75, 312 = -4*i - 2*o + 62. Let d = i - -85. What is the units digit of d?
5
Let p(h) = -22*h + 8. What is the units digit of p(-2)?
2
Suppose -3*f + 38 = -10. Suppose u = -u + g + 74, 4*g = -f. What is the tens digit of u?
3
Suppose -7*w - 44 = -3*w. Let v = 31 - 15. Let j = w + v. What is the units digit of j?
5
Let s(y) = -y**2 - 10*y - 2. Let w be s(-6). Suppose -2*c + w = 112. Let d = -31 - c. What is the tens digit of d?
1
Let p = -49 - -117. What is the tens digit of p?
6
Let h = 246 + -137. What is the units digit of h?
9
Let p(v) = 21*v - 8. Let j(a) = -14*a + 5. Let y(k) = -14*k + 5. Let n(b) = 6*j(b) - 5*y(b). Let h(l) = -8*n(l) - 5*p(l). What is the units digit of h(2)?
4
Let j = 8 + 23. What is the units digit of j?
1
What is the tens digit of (0 - (-40 - -2))*5?
9
Let c = -13 - -26. What is the tens digit of c?
1
Suppose 2*v + 3*m = -2*m + 44, -75 = -5*v + 5*m. Let j = v - 9. Suppose -n + 3*r = -j, -n + 3*r + 19 = n. What is the tens digit of n?
1
Let w = 163 - 145. What is the tens digit of w?
1
Suppose 4*b = 3*r + 32, 7 = 3*b - 0*r + 2*r. What is the units digit of b?
5
Let y(d) = -d**3 - 16*d**2 - 10*d - 15. What is the units digit of y(-16)?
5
Suppose 4*w - 26 + 10 = 0, -2*f + 8 = -2*w. Let k(d) be the second derivative of -d**5/20 + 3*d**4/4 - 4*d**3/3 + d**2/2 + 5*d. What is the units digit of k(f)?
1
Suppose 0 = -5*b - 3*s - 10, -5*b + 2*s - s - 10 = 0. Let t be b/(-4) - 18/4. What is the units digit of (t/3)/(7/(-21))?
4
Let s(w) = -w**3 + 5*w**2 - 3*w - 2. What is the units digit of s(3)?
7
Let r be (-3)/(-1)*(-48)/18. Let a = r - -11. Suppose -2*y + a*y = -1, 5*c + 4*y - 71 = 0. What is the tens digit of c?
1
Let w be 151/2 - 7/(-14). Let r = w + -35. What is the tens digit of r?
4
Let f(p) = p**2 + 6*p - 4. What is the units digit of f(4)?
6
Let i(b) = 3*b - 8. Suppose 3*o - 39 = -0*o. What is the tens digit of i(o)?
3
Let g(i) = 3*i**2 + 32*i + 14. What is the hundreds digit of g(-13)?
1
What is the tens digit of (10/(-30))/((-2)/204)?
3
Let f = 12 - 7. Suppose -4*y + m + 103 = 0, 83 = 3*y - 0*y + f*m. Suppose -2*r - 4*w + y = 0, 4*r + 6*w = 2*w + 48. What is the tens digit of r?
1
Let z be (-2 + 8)/(2/(-11)). What is the units digit of -3 - z/(-3)*-2?
9
What is the units digit of 232/(-3)*(-15)/10?
6
Let i(u) = -3*u - 3. Let k be i(-4). What is the units digit of (18/3)/(k/6)?
4
Let t(a) = 53*a + 3. What is the tens digit of t(2)?
0
Let q = 10 + -5. Suppose -3*g + 0 = -5*o - 8, -q*o = 5. Suppose i = 9 + g. What is the tens digit of i?
1
Let g = 7 + -4. Suppose -4*a + 3*h + 13 = 0, g*a - 36 = -2*h - h. Suppose -64 = -a*j + 3*j. What is the units digit of j?
6
Suppose 3*s = -6, -3*u - s + 158 = 4*s. What is the units digit of u?
6
Let o(g) = g**2 - 3*g + 7. What is the units digit of o(6)?
5
Let p(b) = -b - 5. Let x be p(-6). Let n be x*(-1)/2*-4. What is the units digit of 0/(-3) + 3 + n?
5
Let z be ((-1)/2)/((-6)/(-756)). Let i = z + 99. What is the units digit of i?
6
What is the tens digit of -4 + (-2840)/(-15) - 4/(-6)?
8
Suppose -81 = -0*j - 4*j + 3*c, -5*c + 25 = 0. What is the units digit of j?
4
Suppose 0 = -2*j - 2*d + 28, 21 = 2*j + d - 5. Suppose -4*v - j = -60. What is the tens digit of v?
1
Let g = -3 + 3. Suppose u = -0*u - s, 3*u - s = g. What is the tens digit of u - 2/(-4)*38?
1
Suppose 0*u + 72 = -3*u. Let q be 2/(-5) - u/10. What is the units digit of q*(-10)/(-4) + 2?
7
Let x be (-780)/(-8)*4/6. Suppose -i = -4*m + 69, -x = -3*m - 2*i - 27. Let f = m - 7. What is the units digit of f?
9
Let j = 4 + -1. Suppose u + j*s = 11, -u + 2*u + 5